{"id":238,"date":"2025-05-10T09:32:41","date_gmt":"2025-05-10T00:32:41","guid":{"rendered":"http:\/\/contents-construction.com\/?page_id=238"},"modified":"2025-05-11T13:23:21","modified_gmt":"2025-05-11T04:23:21","slug":"sobre-nosotros","status":"publish","type":"page","link":"https:\/\/contents-construction.com\/?page_id=238&lang=es","title":{"rendered":"Sobre Nosotros"},"content":{"rendered":"\n<h1 class=\"wp-block-heading has-text-align-center has-large-font-size\" id=\"inspiro-is-a-digital-product-agency-that-focuses-on-strategy-and-design\" style=\"font-style:normal;font-weight:100\"><strong>Sobre nosotros<\/strong><\/h1>\n\n\n\n<p class=\"has-text-align-left\"><strong>Contents Construction LLC conecta Jap\u00f3n con el mundo a trav\u00e9s de diversas expresiones de la cultura otaku como el anime, el manga, los videojuegos, el cosplay y el arte contempor\u00e1neo. Apoyamos a creadores, marcas y empresas a acceder a nuevos mercados y comunidades internacionales.<\/strong><\/p>\n\n\n\n<div class=\"wp-block-vk-blocks-spacer vk_spacer vk_spacer-type-margin-top\"><div class=\"vk_block-margin-md--margin-top\"><\/div><\/div>\n\n\n\n<div class=\"wp-block-media-text is-stacked-on-mobile\"><figure class=\"wp-block-media-text__media\"><img loading=\"lazy\" decoding=\"async\" width=\"1024\" height=\"870\" src=\"http:\/\/contents-construction.com\/wp-content\/uploads\/2025\/05\/image5-1024x870.jpg\" alt=\"\" class=\"wp-image-200 size-full\" srcset=\"https:\/\/contents-construction.com\/wp-content\/uploads\/2025\/05\/image5-1024x870.jpg 1024w, https:\/\/contents-construction.com\/wp-content\/uploads\/2025\/05\/image5-300x255.jpg 300w, https:\/\/contents-construction.com\/wp-content\/uploads\/2025\/05\/image5-768x653.jpg 768w, https:\/\/contents-construction.com\/wp-content\/uploads\/2025\/05\/image5-600x510.jpg 600w, https:\/\/contents-construction.com\/wp-content\/uploads\/2025\/05\/image5.jpg 1059w\" sizes=\"auto, (max-width: 1024px) 100vw, 1024px\" \/><\/figure><div class=\"wp-block-media-text__content\">\n<h2 class=\"wp-block-heading\">Contrataci\u00f3n de artistas japoneses<\/h2>\n\n\n\n<p>Coordinamos la participaci\u00f3n de cantantes de anime, mangakas, ilustradores, actores de voz, actores y otros artistas japoneses en eventos internacionales. Nos encargamos de todo: negociaci\u00f3n, viaje y log\u00edstica en sitio.<\/p>\n<\/div><\/div>\n\n\n\n<div class=\"wp-block-media-text has-media-on-the-right is-stacked-on-mobile\"><div class=\"wp-block-media-text__content\">\n<h2 class=\"wp-block-heading\">Propuestas y apoyo para eventos<\/h2>\n\n\n\n<p>Desarrollamos juntos contenidos atractivos como charlas, conciertos, talleres y exposiciones, en g\u00e9neros como anime, manga, videojuegos, cosplay y arte contempor\u00e1neo.<\/p>\n<\/div><figure class=\"wp-block-media-text__media\"><img loading=\"lazy\" decoding=\"async\" width=\"1024\" height=\"768\" src=\"http:\/\/contents-construction.com\/wp-content\/uploads\/2025\/05\/image27-1024x768.jpeg\" alt=\"\" class=\"wp-image-201 size-full\" srcset=\"https:\/\/contents-construction.com\/wp-content\/uploads\/2025\/05\/image27-1024x768.jpeg 1024w, https:\/\/contents-construction.com\/wp-content\/uploads\/2025\/05\/image27-300x225.jpeg 300w, https:\/\/contents-construction.com\/wp-content\/uploads\/2025\/05\/image27-768x576.jpeg 768w, https:\/\/contents-construction.com\/wp-content\/uploads\/2025\/05\/image27-600x450.jpeg 600w, https:\/\/contents-construction.com\/wp-content\/uploads\/2025\/05\/image27-1200x900.jpeg 1200w, https:\/\/contents-construction.com\/wp-content\/uploads\/2025\/05\/image27.jpeg 1264w\" sizes=\"auto, (max-width: 1024px) 100vw, 1024px\" \/><\/figure><\/div>\n","protected":false},"excerpt":{"rendered":"<p>Sobre nosotros Contents Construction LLC conecta Jap\u00f3n con el mundo a trav\u00e9s de diversas expresiones de la cul&#8230; <a class=\"read-more\" href=\"https:\/\/contents-construction.com\/?page_id=238&#038;lang=es\">\u7d9a\u304d\u3092\u8aad\u3080 \u2192<\/a><\/p>\n","protected":false},"author":1,"featured_media":0,"parent":0,"menu_order":0,"comment_status":"closed","ping_status":"closed","template":"_g2\/page-onecolumn.php","meta":{"vkexunit_cta_each_option":"","footnotes":""},"class_list":["post-238","page","type-page","status-publish","hentry"],"featured_media_urls":[],"_links":{"self":[{"href":"https:\/\/contents-construction.com\/index.php?rest_route=\/wp\/v2\/pages\/238","targetHints":{"allow":["GET"]}}],"collection":[{"href":"https:\/\/contents-construction.com\/index.php?rest_route=\/wp\/v2\/pages"}],"about":[{"href":"https:\/\/contents-construction.com\/index.php?rest_route=\/wp\/v2\/types\/page"}],"author":[{"embeddable":true,"href":"https:\/\/contents-construction.com\/index.php?rest_route=\/wp\/v2\/users\/1"}],"replies":[{"embeddable":true,"href":"https:\/\/contents-construction.com\/index.php?rest_route=%2Fwp%2Fv2%2Fcomments&post=238"}],"version-history":[{"count":2,"href":"https:\/\/contents-construction.com\/index.php?rest_route=\/wp\/v2\/pages\/238\/revisions"}],"predecessor-version":[{"id":350,"href":"https:\/\/contents-construction.com\/index.php?rest_route=\/wp\/v2\/pages\/238\/revisions\/350"}],"wp:attachment":[{"href":"https:\/\/contents-construction.com\/index.php?rest_route=%2Fwp%2Fv2%2Fmedia&parent=238"}],"curies":[{"name":"wp","href":"https:\/\/api.w.org\/{rel}","templated":true}]}}